{"id":11,"date":"2015-07-14T17:31:34","date_gmt":"2015-07-14T17:31:34","guid":{"rendered":"http:\/\/yvettehigelin.info\/?page_id=11"},"modified":"2016-01-03T15:48:41","modified_gmt":"2016-01-03T15:48:41","slug":"accueil","status":"publish","type":"page","link":"https:\/\/yvettehigelin.info\/","title":{"rendered":"Accueil"},"content":{"rendered":"<p>Bonjour et bienvenue !<\/p>\n<p>Je suis heureuse de vous accueillir sur mon site internet.<\/p>\n<p>Vous y trouverez, les dates de mes expositions, quelques exemples de mes cr\u00e9ations et d&rsquo;autres choses encore.<\/p>\n<p>N&rsquo;h\u00e9sitez pas \u00e0 me laisser vos commentaires, et pourquoi pas, m&rsquo;\u00e9crire un mail pour toutes questions.<\/p>\n<p>Agr\u00e9able visite !<\/p>\n<p><a href=\"https:\/\/yvettehigelin.info\/wp-content\/uploads\/2015\/07\/image-accueil-reduite.jpg\"><img loading=\"lazy\" decoding=\"async\" class=\"alignnone wp-image-118 size-medium\" src=\"https:\/\/yvettehigelin.info\/wp-content\/uploads\/2015\/07\/image-accueil-reduite-300x292.jpg\" alt=\"\" width=\"300\" height=\"292\" srcset=\"https:\/\/yvettehigelin.info\/wp-content\/uploads\/2015\/07\/image-accueil-reduite-300x292.jpg 300w, https:\/\/yvettehigelin.info\/wp-content\/uploads\/2015\/07\/image-accueil-reduite.jpg 789w\" sizes=\"auto, (max-width: 300px) 100vw, 300px\" \/><\/a><\/p>\n","protected":false},"excerpt":{"rendered":"<p>Bonjour et bienvenue ! Je suis heureuse de vous accueillir sur mon site internet. Vous y trouverez, les dates de mes expositions, quelques exemples de mes cr\u00e9ations et d&rsquo;autres choses encore. N&rsquo;h\u00e9sitez pas \u00e0 me laisser vos commentaires, et pourquoi pas, m&rsquo;\u00e9crire un mail pour toutes questions. Agr\u00e9able visite !<\/p>\n","protected":false},"author":1,"featured_media":0,"parent":0,"menu_order":0,"comment_status":"open","ping_status":"open","template":"","meta":{"footnotes":""},"class_list":["post-11","page","type-page","status-publish","hentry"],"_links":{"self":[{"href":"https:\/\/yvettehigelin.info\/index.php?rest_route=\/wp\/v2\/pages\/11","targetHints":{"allow":["GET"]}}],"collection":[{"href":"https:\/\/yvettehigelin.info\/index.php?rest_route=\/wp\/v2\/pages"}],"about":[{"href":"https:\/\/yvettehigelin.info\/index.php?rest_route=\/wp\/v2\/types\/page"}],"author":[{"embeddable":true,"href":"https:\/\/yvettehigelin.info\/index.php?rest_route=\/wp\/v2\/users\/1"}],"replies":[{"embeddable":true,"href":"https:\/\/yvettehigelin.info\/index.php?rest_route=%2Fwp%2Fv2%2Fcomments&post=11"}],"version-history":[{"count":6,"href":"https:\/\/yvettehigelin.info\/index.php?rest_route=\/wp\/v2\/pages\/11\/revisions"}],"predecessor-version":[{"id":204,"href":"https:\/\/yvettehigelin.info\/index.php?rest_route=\/wp\/v2\/pages\/11\/revisions\/204"}],"wp:attachment":[{"href":"https:\/\/yvettehigelin.info\/index.php?rest_route=%2Fwp%2Fv2%2Fmedia&parent=11"}],"curies":[{"name":"wp","href":"https:\/\/api.w.org\/{rel}","templated":true}]}}